re the prime factors of 2817708885?
3, 5, 31, 1289, 1567
What are the prime factors of 1535652971?
23399, 65629
List the prime factors of 32178152.
2, 191, 21059
What are the prime factors of 193603434?
2, 3, 47, 167, 4111
What are the prime factors of 102163932?
2, 3, 13, 419, 521
What are the prime factors of 63394537?
6037, 10501
List the prime factors of 47538676.
2, 547, 21727
What are the prime factors of 8774783?
8774783
What are the prime factors of 76006219?
59, 269, 4789
What are the prime factors of 66580219?
31, 61, 137, 257
List the prime factors of 61903878.
2, 3, 10317313
What are the prime factors of 62801954?
2, 19, 331, 4993
List the prime factors of 18269091.
3, 67, 10099
What are the prime factors of 498040871?
523, 952277
List the prime factors of 238475.
5, 9539
List the prime factors of 1627827378.
2, 3, 271304563
List the prime factors of 30985875.
3, 5, 9181
List the prime factors of 859558597.
859558597
What are the prime factors of 16181064?
2, 3, 224737
List the prime factors of 50966875.
5, 81547
What are the prime factors of 3217305184?
2, 2309, 43543
What are the prime factors of 70951970?
2, 5, 7095197
List the prime factors of 587108466.
2, 3, 7, 883, 1759
List the prime factors of 251276151.
3, 7, 11965531
What are the prime factors of 26051181?
3, 13, 51383
What are the prime factors of 625762296?
2, 3, 137, 63439
What are the prime factors of 43480768?
2, 191, 3557
List the prime factors of 1934095117.
17, 37, 3074873
List the prime factors of 50879922.
2, 3, 43, 199, 991
What are the prime factors of 11730206?
2, 5865103
What are the prime factors of 37707831?
3, 7, 598537
List the prime factors of 5537656542.
2, 3, 11, 31, 2706577
List the prime factors of 41863819.
421, 99439
List the prime factors of 1005192775.
5, 107, 375773
What are the prime factors of 1970299662?
2, 3, 328383277
What are the prime factors of 4042068?
2, 3, 167, 2017
What are the prime factors of 270939071?
13, 4483, 4649
What are the prime factors of 52422522?
2, 3, 379, 23053
What are the prime factors of 274048621?
7, 11, 508439
List the prime factors of 31665739.
7, 4523677
List the prime factors of 39181410.
2, 3, 5, 435349
What are the prime factors of 31254244?
2, 7, 1116223
What are the prime factors of 13998549?
3, 4666183
List the prime factors of 196454332.
2, 1373, 35771
What are the prime factors of 2070678274?
2, 7, 139, 1064069
What are the prime factors of 982346781?
3, 13, 37, 680767
What are the prime factors of 891445100?
2, 5, 7, 13, 97961
List the prime factors of 45608338.
2, 22804169
List the prime factors of 97274811.
3, 3541, 9157
What are the prime factors of 16596118?
2, 7, 11, 97, 101
List the prime factors of 894729884.
2, 223682471
What are the prime factors of 268375728?
2, 3, 43, 130027
What are the prime factors of 77937660?
2, 3, 5, 101, 1429
List the prime factors of 89144056.
2, 17, 655471
List the prime factors of 6009716293.
7, 443, 1937993
List the prime factors of 51189643.
2417, 21179
What are the prime factors of 33969211?
31, 1095781
What are the prime factors of 106270556?
2, 7, 3795377
List the prime factors of 23247474.
2, 3, 3874579
What are the prime factors of 104985993?
3, 7, 1667, 2999
List the prime factors of 140012066.
2, 70006033
What are the prime factors of 228506490?
2, 3, 5, 491, 5171
List the prime factors of 106326552.
2, 3, 4430273
List the prime factors of 160071068.
2, 29, 1379923
List the prime factors of 1167584622.
2, 3, 47, 88093
What are the prime factors of 775026644?
2, 7, 19, 127, 11471
What are the prime factors of 49578169?
73, 679153
What are the prime factors of 3203469291?
3, 11, 157, 618311
What are the prime factors of 40227506?
2, 11, 23, 107, 743
What are the prime factors of 145900650?
2, 3, 5, 7, 283, 491
List the prime factors of 1477898252.
2, 37, 9985799
What are the prime factors of 38195372?
2, 101, 94543
List the prime factors of 862033867.
862033867
List the prime factors of 18320394.
2, 3, 3053399
What are the prime factors of 907758580?
2, 5, 29, 1861
What are the prime factors of 2452856511?
3, 7, 29, 179, 22501
List the prime factors of 290274106.
2, 4787, 30319
List the prime factors of 841289948.
2, 17, 283, 43717
List the prime factors of 360532425.
3, 5, 11, 43, 10163
List the prime factors of 95358022.
2, 293, 162727
List the prime factors of 4859687471.
4859687471
List the prime factors of 1783062068.
2, 17, 19, 1069, 1291
List the prime factors of 56700217.
7, 1019, 7949
List the prime factors of 9569897463.
3, 7, 199, 269, 8513
List the prime factors of 137467047.
3, 29, 1580081
What are the prime factors of 17876813?
17876813
What are the prime factors of 501492824?
2, 7, 29, 308801
List the prime factors of 13566991.
59, 229949
List the prime factors of 5427373887.
3, 13, 31, 383, 3907
List the prime factors of 423378997.
31, 41, 333107
What are the prime factors of 668596579?
7, 137, 697181
List the prime factors of 172066011.
3, 13, 131, 33679
List the prime factors of 75676019.
75676019
List the prime factors of 5471697869.
11, 497427079
What are the prime factors of 72908591?
7, 607, 17159
What are the prime factors of 422101045?
5, 59, 1430851
What are the prime factors of 75332313?
3, 7, 1195751
What are the prime factors of 508626289?
199, 2555911
What are the prime factors of 325480781?
47, 6925123
What are the prime factors of 334218879?
3, 4126159
List the prime factors of 2266558325.
5, 139, 557, 1171
What are the prime factors of 399768878?
2, 73, 431, 6353
What are the prime factors of 101592183?
3, 7, 11, 19, 79, 293
What are the prime factors of 121893726?
2, 3, 181, 112241
What are the prime factors of 411879676?
2, 13, 23, 521, 661
List the prime factors of 12009347.
7, 1715621
What are the prime factors of 2202481625?
5, 127, 138739
What are the prime factors of 359111454?
2, 3, 13, 673, 6841
List the prime factors of 121715552.
2, 7, 29, 41, 457
List the prime factors of 478606842.
2, 3, 7, 3798467
What are the prime factors of 209397850?
2, 5, 4187957
What are the prime factors of 140286597?
3, 11, 43, 109, 907
What are the prime factors of 6508956936?
2, 3, 59, 4596721
What are the prime factors of 197324393?
7, 31, 909329
What are the prime factors of 4338683302?
2, 151, 14366501
List the prime factors of 1339552047.
3, 313, 1033, 1381
List the prime factors of 510859272.
2, 3, 7, 11, 276439
What are the prime factors of 44308603?
23, 1926461
What are the prime factors of 244303029?
3, 1231, 22051
List the prime factors of 108548683.
108548683
List the prime factors of 6616640521.
173, 38246477
What are the prime factors of 184884749?
7, 283, 93329
What are the prime factors of 32566891?
7, 67, 69439
What are the prime factors of 20536325?
5, 467, 1759
What are the prime factors of 1003498589?
1003498589
List the prime factors of 12341318.
2, 11, 560969
What are the prime factors of 44600704?
2, 348443
What are the prime factors of 299666775?
3, 5, 3995557
List the prime factors of 434947510.
2, 5, 29, 107, 131
What are the prime factors of 1385291135?
5, 277058227
What are the prime factors of 179061000?
2, 3, 5, 17, 3511
What are the prime factors of 366386647?
11, 3659, 9103
What are the prime factors of 171102749?
171102749
What are the prime factors of 3302732537?
13, 254056349
List the prime factors of 4926065892.
2, 3, 11, 37, 1008613
What are the prime factors of 188932245?
3, 5, 29, 47, 9241
What are the prime factors of 309640577?
309640577
What are the prime factors of 173209560?
2, 3, 5, 769, 1877
List the prime factors of 2645672075.
5, 137, 772459
List the prime factors of 3654745.
5, 17, 19, 31, 73
List the prime factors of 363235877.
67, 283, 19157
What are the prime factors of 161461497?
3, 47, 887, 1291
What are the prime factors of 144662053?
3359, 43067
What are the prime factors of 38369447?
38369447
List the prime factors of 194208946.
2, 229, 424037
List the prime factors of 2451283032.
2, 3, 11, 1399, 6637
List the prime factors of 2125867439.
31, 89, 109, 7069
What are the prime factors of 1993373852?
2, 149, 3344587
List the prime factors of 459863065.
5, 1249, 73637
What are the prime factors of 1069905668?
2, 13, 89, 151, 1531
List the prime factors of 6103052.
2, 1525763
List 